17 divide 1044032?
False
Is 42 a factor of 55062?
True
Does 3 divide 970278?
True
Does 37 divide 30332?
False
Is 22 a factor of 930006?
True
Is 1640743 a multiple of 80?
False
Does 21 divide 9850755?
False
Is 667 a factor of 2524384?
False
Does 62 divide 59396?
True
Does 37 divide 112221?
True
Is 5 a factor of 461611?
False
Does 4 divide 212365?
False
Does 194 divide 1181266?
True
Is 16430556 a multiple of 46?
True
Does 38 divide 365482?
False
Does 126 divide 851004?
True
Is 23 a factor of 546434?
True
Does 391 divide 1754501?
False
Is 307459 a multiple of 32?
False
Does 181 divide 1031338?
True
Is 222831 a multiple of 917?
True
Does 79 divide 255036?
False
Is 62 a factor of 193220?
False
Is 1886 a factor of 13026602?
True
Is 20 a factor of 9471760?
True
Does 7 divide 239946?
True
Is 218432 a multiple of 8?
True
Does 14 divide 663152?
True
Does 16 divide 180223?
False
Does 97 divide 134744?
False
Is 5 a factor of 711920?
True
Is 20427 a multiple of 132?
False
Is 813596 a multiple of 593?
True
Is 6 a factor of 147570?
True
Does 966 divide 7937127?
False
Is 100 a factor of 1020900?
True
Is 406 a factor of 7463498?
True
Is 316 a factor of 32141?
False
Is 633 a factor of 5564070?
True
Is 398559 a multiple of 3?
True
Is 5834543 a multiple of 24?
False
Is 180 a factor of 147122?
False
Is 10 a factor of 704033?
False
Does 240 divide 2460000?
True
Is 388124 a multiple of 44?
True
Does 1028 divide 1040730?
False
Is 64 a factor of 424064?
True
Is 2937894 a multiple of 19?
True
Is 8 a factor of 126787?
False
Does 39 divide 975845?
False
Is 61 a factor of 7952943?
False
Is 2169388 a multiple of 13?
True
Is 150 a factor of 147450?
True
Is 2503420 a multiple of 15?
False
Is 582789 a multiple of 702?
False
Does 16 divide 321153?
False
Is 5 a factor of 49893?
False
Does 183 divide 1598800?
False
Is 4554245 a multiple of 290?
False
Is 95710 a multiple of 17?
True
Is 448208 a multiple of 211?
False
Is 7 a factor of 3887595?
False
Does 122 divide 1806025?
False
Is 352351 a multiple of 319?
False
Is 8 a factor of 370200?
True
Is 4295610 a multiple of 63?
False
Is 19 a factor of 1054595?
True
Is 24582 a multiple of 6?
True
Does 10 divide 204230?
True
Is 3153 a multiple of 7?
False
Is 544500 a multiple of 99?
True
Is 6080078 a multiple of 309?
False
Does 9 divide 968911?
False
Is 184 a factor of 6381120?
True
Is 7 a factor of 207431?
True
Is 219260 a multiple of 535?
False
Is 209 a factor of 1694781?
True
Is 292 a factor of 7992938?
False
Does 20 divide 1654841?
False
Does 123 divide 172461?
False
Is 250321 a multiple of 46?
False
Is 1554063 a multiple of 412?
False
Does 26 divide 275061?
False
Does 51 divide 1795302?
True
Does 211 divide 7183073?
True
Is 753274 a multiple of 43?
True
Is 58 a factor of 1014911?
False
Does 9 divide 3754446?
False
Is 15534 a multiple of 6?
True
Does 74 divide 11851988?
True
Is 318516 a multiple of 57?
True
Is 8965053 a multiple of 1098?
False
Does 152 divide 1013812?
False
Is 1574577 a multiple of 477?
True
Does 577 divide 4135295?
False
Is 28574601 a multiple of 571?
False
Does 44 divide 12421433?
False
Is 221 a factor of 7429089?
False
Is 429340 a multiple of 16?
False
Is 3438464 a multiple of 25?
False
Is 179798 a multiple of 63?
False
Is 27 a factor of 543940?
False
Does 56 divide 179251?
False
Is 10617603 a multiple of 1119?
False
Is 223 a factor of 2750636?
False
Does 12 divide 174288?
True
Is 1396434 a multiple of 305?
False
Is 28036243 a multiple of 34?
False
Does 23 divide 896816?
True
Is 11 a factor of 3586658?
False
Does 95 divide 1153810?
False
Is 288360 a multiple of 30?
True
Is 90908 a multiple of 83?
False
Does 1302 divide 4299204?
True
Is 41 a factor of 1058790?
False
Does 2 divide 1614783?
False
Does 31 divide 2760333?
True
Does 44 divide 447084?
True
Is 50184 a multiple of 123?
True
Is 50895 a multiple of 87?
True
Is 22 a factor of 1727783?
False
Does 114 divide 2017230?
True
Does 377 divide 605462?
True
Is 6413 a multiple of 4?
False
Is 83 a factor of 1245249?
True
Is 203 a factor of 594993?
True
Is 670404 a multiple of 161?
True
Is 40 a factor of 165957?
False
Is 4 a factor of 311195?
False
Is 128 a factor of 95488?
True
Does 234 divide 33930?
True
Does 37 divide 20766015?
False
Is 3600787 a multiple of 17?
True
Does 25 divide 23100450?
True
Does 36 divide 1675332?
True
Is 157 a factor of 6123?
True
Is 418548 a multiple of 6?
True
Is 9957624 a multiple of 6?
True
Does 15 divide 990?
True
Is 350 a factor of 260400?
True
Is 499653 a multiple of 147?
True
Does 31 divide 136007?
False
Does 4 divide 41216?
True
Is 6517 a multiple of 4?
False
Is 6720 a multiple of 210?
True
Does 27 divide 99495?
True
Is 11866148 a multiple of 27?
False
Is 166 a factor of 5684338?
True
Is 51456 a multiple of 12?
True
Is 4 a factor of 2154916?
True
Does 165 divide 2153609?
False
Is 22185 a multiple of 19?
False
Does 234 divide 712764?
True
Is 14 a factor of 741447?
False
Does 2 divide 2931617?
False
Is 4199 a multiple of 131?
False
Is 6894 a multiple of 18?
True
Is 402 a factor of 6473450?
False
Is 40 a factor of 47431?
False
Is 147176 a multiple of 190?
False
Does 6 divide 379518?
True
Is 284 a factor of 540052?
False
Is 145 a factor of 242730?
True
Is 10924287 a multiple of 1167?
True
Does 26 divide 3759450?
False
Does 66 divide 59055?
False
Is 1372 a factor of 16300732?
True
Is 75 a factor of 681609?
False
Is 405200 a multiple of 16?
True
Is 120 a factor of 919920?
True
Does 73 divide 990120?
False
Does 1376 divide 24985408?
True
Does 55 divide 2639505?
True
Is 47147 a multiple of 31?
False
Is 216012 a multiple of 17?
False
Is 117257 a multiple of 4?
False
Is 1067329 a multiple of 20?
False
Does 55 divide 50268?
False
Does 13 divide 209183?
True
Is 3964884 a multiple of 308?
True
Is 14370911 a multiple of 84?
False
Is 577 a factor of 347354?
True
Is 39 a factor of 145246?
False
Is 1321315 a multiple of 415?
False
Does 94 divide 581296?
True
Does 4 divide 898704?
True
Is 114408 a multiple of 12?
True
Does 53 divide 5575603?
False
Is 9 a factor of 2394576?
True
Is 67392 a multiple of 27?
True
Does 42 divide 277783?
False
Is 111 a factor of 3928419?
False
Is 48 a factor of 445056?
True
Is 2180444 a multiple of 177?
False
Is 41 a factor of 41123?
True
Is 3357684 a multiple of 244?
True
Does 406 divide 2388417?
False
Is 62 a factor of 189162?
True
Is 842 a factor of 4280728?
True
Is 182 a factor of 2745286?
False
Does 12 divide 4721616?
True
Is 75 a factor of 190350?
True
Does 138 divide 4986768?
True
Does 163 divide 858175?
False
Is 3329438 a multiple of 163?
True
Is 11 a factor of 6685395?
False
Is 17 a factor of 2750930?
False
Is 33189 a multiple of 5?
False
Does 12 divide 86676?
True
Does 14 divide 319136?
False
Is 25 a factor of 1928300?
True
Is 232252 a multiple of 426?
False
Is 5771548 a multiple of 144?
False
Is 118 a factor of 1187198?
True
Is 16 a factor of 230636?
False
Is 156 a factor of 982176?
True
Is 16708883 a multiple of 29?
False
Does 37 divide 4642785?
False
Is 63 a factor of 1252553?
False
Does 4 divide 124368?
True
Is 87353 a multiple of 6?
False
Does 21 divide 95655?
True
Does 175 divide 731325?
True
Is 105 a factor of 4038615?
True
Is 1245 a factor of 2160075?
True
Is 455312 a multiple of 88?
True
Is 423419 a multiple of 17?
True
Does 35 divide 473235?
True
Does 1990 divide 4683103?
False
Does 491 divide 11293?
True
Does 223 divide 1629986?
False
Does 24 divide 2500702?
False
Does 295 divide 145435?
True
Is 728363 a multiple of 44?
False
Is 87 a factor of 1142484?
True
Is 527448 a multiple of 6?
True
Is 16225781 a multiple of 65?
False
Does 403 divide 157961?
False
Does 14 divide 32018?
True
Does 70 divide 547496?
False
Is 1298362 a multiple of 8?
False
Is 157 a factor of 362199?
True
Is 748 a factor of 2943375?
False
Does 51 divide 219060?
False
Is 103840 a multiple of 20?
True
Is 747 a factor of 3804200?
False
Is 319 a factor of 3191276?
True
Is 3664496 a multiple of 19?
False
Does 56 divide 74256?
True
Is 50630 a multiple of 59?
False
Is 2 a factor of 703?
False
Is 106506 a multiple of 61?
True
Is 311227 a multiple of 82?
False
Is 23516 a multiple of 605?
False
Is 86520 a multiple of 14?
True
Is 1644158 a multiple of 381?
False
Is 19 a factor of 127148?
True
Does 218 divide 2115880?
False
Is 1146064 a multiple